on factor of 522 and 63224437.
29
What is the greatest common factor of 13029623 and 386?
193
Calculate the greatest common factor of 68264 and 4396.
28
What is the greatest common factor of 363748320 and 480?
480
What is the greatest common factor of 806729 and 76153?
77
What is the greatest common divisor of 20985315 and 26?
13
What is the highest common factor of 46019 and 14722?
17
What is the highest common factor of 37932 and 4173828?
1308
What is the highest common divisor of 3947 and 613?
1
What is the highest common divisor of 6207145 and 945?
35
Calculate the highest common divisor of 16152552 and 6.
6
Calculate the highest common factor of 28926357 and 21.
3
What is the greatest common divisor of 364 and 36944830?
26
Calculate the highest common divisor of 999876 and 122802.
582
What is the greatest common factor of 247 and 10655903?
19
Calculate the greatest common divisor of 5194686 and 182.
14
What is the highest common factor of 92498 and 26606389?
6607
Calculate the greatest common factor of 30 and 605118.
6
Calculate the highest common divisor of 548658 and 109373.
1793
What is the greatest common factor of 62 and 53197271?
31
What is the highest common divisor of 20 and 13027410?
10
Calculate the greatest common divisor of 80 and 1642864.
16
What is the greatest common factor of 261465 and 4020?
15
Calculate the highest common divisor of 4985650 and 245.
5
Calculate the highest common factor of 26197 and 671347.
391
Calculate the greatest common factor of 9226293 and 583.
53
What is the greatest common factor of 30850 and 7654502?
1234
What is the greatest common factor of 30 and 77283675?
15
What is the greatest common factor of 86433669 and 2751?
2751
Calculate the highest common divisor of 279499 and 88.
11
What is the greatest common factor of 91686 and 39743698?
4366
Calculate the highest common factor of 2062 and 409307.
1031
Calculate the greatest common factor of 2884939363 and 2689.
2689
What is the highest common divisor of 58428 and 6061364?
2164
What is the highest common divisor of 248 and 2122787?
31
What is the highest common divisor of 146096 and 767798?
794
Calculate the greatest common divisor of 54949078 and 6098.
6098
What is the greatest common divisor of 2887024 and 23244?
596
Calculate the highest common divisor of 6636864 and 780.
156
Calculate the greatest common factor of 12456 and 97031202.
1038
Calculate the highest common divisor of 5829 and 3262326.
87
Calculate the greatest common divisor of 13704827 and 466.
233
What is the greatest common divisor of 19305492 and 37812?
1644
What is the greatest common factor of 9982 and 1638819?
161
Calculate the greatest common factor of 4156221 and 20557.
337
What is the greatest common factor of 29000 and 1510?
10
Calculate the greatest common factor of 943141 and 19.
19
Calculate the greatest common divisor of 12804 and 64284.
132
What is the highest common factor of 1211040 and 1272?
24
What is the highest common factor of 21136291 and 33?
11
What is the highest common divisor of 419771278 and 3518?
3518
What is the greatest common divisor of 13362 and 10965?
51
Calculate the highest common factor of 4440 and 24694920.
120
What is the greatest common divisor of 6157437 and 651?
93
Calculate the greatest common divisor of 74827028 and 412.
412
What is the greatest common divisor of 842080 and 188?
4
What is the greatest common factor of 1702509224 and 26?
26
What is the greatest common divisor of 243456 and 385536?
768
Calculate the highest common divisor of 764500 and 4180.
220
What is the greatest common factor of 158254 and 503106?
2362
Calculate the greatest common divisor of 10653322 and 136.
34
What is the highest common divisor of 68200 and 997208?
248
What is the highest common divisor of 520 and 652576?
8
Calculate the greatest common factor of 163821878 and 2596.
1298
Calculate the highest common divisor of 29848 and 24837176.
728
Calculate the highest common divisor of 270 and 24184620.
90
Calculate the greatest common divisor of 421923525 and 6450.
3225
Calculate the greatest common factor of 809235 and 267687.
441
Calculate the greatest common factor of 5887 and 5592853.
203
Calculate the highest common factor of 306824 and 46438.
14
Calculate the highest common divisor of 2782 and 15009746.
214
Calculate the greatest common factor of 26136 and 246048.
264
What is the greatest common divisor of 16700 and 34300?
100
Calculate the highest common factor of 6 and 9283011.
3
What is the highest common divisor of 507780 and 1860558?
1302
What is the greatest common factor of 4090624 and 40?
8
Calculate the greatest common divisor of 4617 and 59816313.
1539
What is the greatest common factor of 3106033 and 334?
167
Calculate the greatest common factor of 1054486 and 27086.
934
What is the highest common divisor of 13 and 448760234?
13
What is the greatest common divisor of 33524 and 20?
4
What is the greatest common divisor of 3380324 and 8908?
524
Calculate the greatest common divisor of 58554 and 465341650.
6506
Calculate the greatest common divisor of 134189290 and 142.
142
What is the greatest common divisor of 1065960 and 270270?
1890
Calculate the highest common factor of 3956 and 101936.
92
Calculate the greatest common divisor of 6870 and 1551246.
1374
What is the greatest common divisor of 7 and 119580881?
7
What is the greatest common divisor of 49416 and 46512?
24
Calculate the greatest common factor of 496572 and 876.
12
What is the greatest common divisor of 474 and 7876774?
158
What is the greatest common divisor of 10448570 and 3311?
473
What is the greatest common factor of 120905 and 1920?
5
Calculate the highest common factor of 590992410 and 505.
505
Calculate the highest common factor of 25060 and 401079035.
6265
Calculate the greatest common factor of 5 and 707191.
1
What is the highest common factor of 2744250 and 2835?
15
Calculate the highest common factor of 542722 and 2047.
89
Calculate the greatest common factor of 353451 and 56.
7
Calculate the greatest common divisor of 1456 and 230464.
208
Calculate the greatest common factor of 5855869 and 25668.
713
What is the greatest common divisor of 460 and 182906695?
115
Calculate the highest common factor of 7020900 and 5742.
522
What is the highest common factor of 559017 and 7966773?
3123
What is the highest common factor of 273 and 132628230?
21
Calculate the highest common factor of 80 and 15480880.
80
What is the greatest common divisor of 225 and 304965?
45
What is the highest common divisor of 11352 and 82962996?
516
Calculate the highest common factor of 326750896 and 8592.
2864
Calculate the highest common factor of 3190 and 6866620.
290
Calculate the highest common factor of 3293 and 131.
1
Calculate the greatest common factor of 2871 and 46403973.
2871
What is the highest common divisor of 88 and 22202092?
44
Calculate the highest common factor of 139337849 and 399.
133
Calculate the greatest common factor of 3884953 and 3657.
1219
Calculate the highest common factor of 86429609 and 5026.
2513
Calculate the highest common divisor of 1225 and 741811.
49
What is the greatest common factor of 3650 and 1010491550?
3650
Calculate the greatest common divisor of 413072 and 16429.
2347
Calculate the greatest common divisor of 145 and 839125.
5
Calculate the highest common factor of 664993 and 13167.
7
Calculate the greatest common divisor of 1108 and 42803148.
1108
Calculate the highest common divisor of 3023759927 and 17.
17
What is the greatest common factor of 27455919 and 43325?
1733
Calculate the greatest common factor of 4512 and 8375212.
188
Calculate the highest common factor of 4389 and 16325067.
33
What is the highest common divisor of 4405268 and 8253?
917
Calculate the highest common factor of 345 and 274305.
15
Calculate the greatest common factor of 13 and 2053979057.
13
What is the highest common divisor of 136 and 9237800?
136
Calculate the greatest common factor of 2626 and 966290.
26
Calculate the greatest common divisor of 4683280 and 1904.
112
Calculate the highest common divisor of 5407692 and 36.
12
What is the highest common factor of 100861 and 1445?
289
Calculate the greatest common factor of 230325 and 1601175.
2775
Calculate the highest common 